se
Is 901821 a multiple of 13?
False
Does 67 divide 77918?
False
Does 21 divide 2192?
False
Does 130 divide 235690?
True
Is 89278 a multiple of 14?
True
Is 641 a factor of 538440?
True
Does 7 divide 79369?
False
Does 206 divide 1108424?
False
Is 42 a factor of 854070?
True
Does 3 divide 305712?
True
Does 255 divide 1383885?
True
Is 836306 a multiple of 47?
False
Is 54 a factor of 569646?
True
Is 127 a factor of 321285?
False
Does 6 divide 1578555?
False
Is 12 a factor of 359700?
True
Is 16 a factor of 284672?
True
Is 362019 a multiple of 158?
False
Is 174278 a multiple of 440?
False
Does 7 divide 6559?
True
Does 1541 divide 1408954?
False
Does 309 divide 236076?
True
Is 155 a factor of 495157?
False
Is 148 a factor of 508887?
False
Is 417796 a multiple of 149?
True
Is 804058 a multiple of 12?
False
Is 90 a factor of 262034?
False
Does 13 divide 953992?
True
Does 535 divide 235082?
False
Is 72345 a multiple of 159?
True
Is 840 a multiple of 28?
True
Is 48510 a multiple of 33?
True
Does 28 divide 1799224?
True
Is 408 a factor of 23237?
False
Is 652327 a multiple of 247?
True
Is 47 a factor of 922121?
False
Does 26 divide 368698?
False
Is 48 a factor of 10478400?
True
Is 122755 a multiple of 5?
True
Does 1305 divide 794720?
False
Does 44 divide 1050264?
False
Is 1956 a multiple of 652?
True
Is 3 a factor of 12147?
True
Does 22 divide 2236322?
True
Is 143 a factor of 45536?
False
Is 918984 a multiple of 236?
True
Is 11 a factor of 3442758?
True
Is 13 a factor of 641966?
True
Is 21096 a multiple of 12?
True
Is 108549 a multiple of 3?
True
Is 13 a factor of 531937?
False
Is 463 a factor of 1278343?
True
Does 6 divide 1250750?
False
Does 53 divide 57046?
False
Is 31 a factor of 9096950?
True
Does 601 divide 4107835?
True
Is 1065 a factor of 13197832?
False
Does 11 divide 4444820?
False
Is 153336 a multiple of 12?
True
Is 64 a factor of 146944?
True
Is 5006641 a multiple of 37?
False
Is 11 a factor of 124138?
False
Is 3732358 a multiple of 19?
False
Is 45 a factor of 170658?
False
Is 5 a factor of 156998?
False
Is 1487036 a multiple of 7?
False
Is 13864 a multiple of 3?
False
Does 513 divide 3786966?
True
Does 13 divide 888069?
True
Does 17 divide 415032?
False
Is 168 a factor of 316008?
True
Is 386 a factor of 187126?
False
Is 31437 a multiple of 21?
True
Does 381 divide 1908810?
True
Is 554127 a multiple of 226?
False
Is 427 a factor of 2269932?
True
Is 3068620 a multiple of 284?
True
Is 142973 a multiple of 389?
False
Is 4 a factor of 149331?
False
Is 13697010 a multiple of 90?
True
Is 994 a factor of 168980?
True
Does 15 divide 1514586?
False
Is 46 a factor of 285981?
False
Is 4 a factor of 1120728?
True
Is 30 a factor of 110426?
False
Is 15 a factor of 809280?
True
Does 277 divide 376997?
True
Is 38 a factor of 291308?
True
Does 129 divide 3368988?
False
Is 10 a factor of 82930?
True
Does 81 divide 1211232?
False
Is 605652 a multiple of 154?
False
Does 2 divide 153051?
False
Is 256475 a multiple of 165?
False
Does 63 divide 16451?
False
Is 205454 a multiple of 393?
False
Is 7 a factor of 11086243?
True
Is 196 a factor of 155328?
False
Is 1628120 a multiple of 65?
True
Is 11 a factor of 214951?
True
Is 481498 a multiple of 38?
True
Is 151727 a multiple of 634?
False
Is 124 a factor of 6900374?
False
Is 88972 a multiple of 73?
False
Is 166971 a multiple of 278?
False
Is 32 a factor of 41216?
True
Is 562 a factor of 2592188?
False
Is 93 a factor of 321501?
True
Is 295 a factor of 1958505?
True
Does 11 divide 898716?
False
Is 646 a factor of 32733443?
False
Is 73 a factor of 15942?
False
Does 27 divide 98619?
False
Is 311 a factor of 2290826?
True
Is 90 a factor of 2087995?
False
Does 9 divide 280974?
False
Is 5032 a multiple of 4?
True
Does 403 divide 10983324?
False
Does 331 divide 4959066?
False
Does 308 divide 6316137?
False
Does 7 divide 191695?
True
Does 17 divide 7903640?
True
Is 178 a factor of 17830678?
False
Is 28778 a multiple of 48?
False
Is 68 a factor of 119480?
False
Is 21 a factor of 12435?
False
Is 7 a factor of 51634?
False
Is 12 a factor of 258572?
False
Is 602868 a multiple of 21?
True
Is 559 a factor of 567763?
False
Is 644600 a multiple of 50?
True
Is 146112 a multiple of 192?
True
Does 136 divide 1672130?
False
Is 343742 a multiple of 571?
True
Is 447536 a multiple of 5?
False
Is 493297 a multiple of 85?
False
Does 58 divide 3416664?
True
Does 13 divide 198367?
True
Is 2567713 a multiple of 101?
False
Is 39 a factor of 1667961?
False
Is 91 a factor of 1872623?
False
Is 119 a factor of 12325782?
True
Does 118 divide 421441?
False
Does 4 divide 10904?
True
Does 302 divide 600247?
False
Is 209269 a multiple of 7?
False
Is 11 a factor of 5548617?
False
Is 54 a factor of 640090?
False
Is 1072148 a multiple of 7?
True
Is 10278191 a multiple of 49?
True
Is 182268 a multiple of 61?
True
Is 15 a factor of 256514?
False
Does 9 divide 1445679?
True
Is 265 a factor of 2857798?
False
Does 3 divide 13698?
True
Is 8486330 a multiple of 699?
False
Is 17 a factor of 431578?
False
Is 9 a factor of 54546?
False
Is 9 a factor of 1717227?
True
Is 150 a factor of 466205?
False
Does 14 divide 444902?
False
Does 395 divide 121265?
True
Is 4 a factor of 4253?
False
Is 154690 a multiple of 9?
False
Does 23 divide 71667?
False
Is 591090 a multiple of 570?
True
Is 157 a factor of 2676655?
False
Is 76 a factor of 1315745?
False
Is 152011 a multiple of 71?
True
Is 2144247 a multiple of 12?
False
Does 11 divide 129531?
False
Is 1609562 a multiple of 13?
False
Is 390753 a multiple of 242?
False
Is 50520 a multiple of 4?
True
Is 62748 a multiple of 7?
True
Is 11 a factor of 925198?
False
Is 5 a factor of 991623?
False
Is 15 a factor of 669256?
False
Is 16278192 a multiple of 196?
True
Does 6 divide 720063?
False
Is 3 a factor of 479602?
False
Does 435 divide 379320?
True
Is 8936134 a multiple of 45?
False
Does 1422 divide 9629784?
True
Is 23 a factor of 67661?
False
Is 73 a factor of 81640?
False
Does 119 divide 1880804?
False
Is 692234 a multiple of 13?
False
Is 34 a factor of 1062969?
False
Is 18203502 a multiple of 239?
False
Is 38294 a multiple of 41?
True
Is 70 a factor of 7630?
True
Is 31 a factor of 104904?
True
Is 5 a factor of 61712?
False
Is 64568 a multiple of 51?
False
Is 785250 a multiple of 10?
True
Is 14 a factor of 273140?
True
Is 6455800 a multiple of 260?
True
Is 1020488 a multiple of 8?
True
Is 2183745 a multiple of 6?
False
Is 62 a factor of 142199?
False
Is 19 a factor of 1418507?
False
Is 12236185 a multiple of 79?
False
Is 59 a factor of 6262142?
True
Is 262 a factor of 47625?
False
Does 5 divide 140905?
True
Is 88 a factor of 279576?
True
Is 5315960 a multiple of 260?
True
Does 719 divide 1890970?
True
Is 13 a factor of 617006?
True
Is 142101 a multiple of 2?
False
Is 1052724 a multiple of 363?
False
Does 78 divide 35373?
False
Is 79 a factor of 7144343?
False
Does 376 divide 4878600?
True
Does 61 divide 264740?
True
Does 70 divide 829798?
False
Is 730642 a multiple of 11?
True
Is 11491427 a multiple of 32?
False
Does 36 divide 52971?
False
Does 37 divide 249597?
False
Is 30 a factor of 151860?
True
Does 299 divide 29686272?
False
Does 7 divide 14609?
True
Does 72 divide 330408?
True
Does 71 divide 12671867?
True
Is 6 a factor of 646?
False
Is 305644 a multiple of 172?
True
Does 57 divide 1189602?
False
Is 109 a factor of 322726?
False
Is 1621809 a multiple of 29?
False
Does 22 divide 2310836?
True
Is 192384 a multiple of 72?
True
Is 10 a factor of 1601707?
False
Is 6110658 a multiple of 18?
True
Is 508937 a multiple of 175?
False
Is 41 a factor of 91389?
True
Is 906245 a multiple of 29?
False
Does 113 divide 703727?
False
Is 803 a factor of 3281058?
True
Does 2078 divide 12557354?
True
Is 505 a factor of 13491725?
False
Is 12779414 a multiple of 412?
False
Does 66 divide 3941?
False
Is 183 a factor of 16605054?
True
Is 482 a factor of 2643770?
True
Does 13 divide 335421?
False
Does 57 divide 5707174?
False
Is 86 a factor of 1672148?
False
Is 1026 a factor of 1003428?
True
Is 160 a factor of 717055?
False
Is 11868120 a multiple of 1458?
True
Is 418 a factor of 155496?
True
Is 288 a factor of 4764384?
True
Does 40 divide 293680?
True
Does 21 divide 2277959?
False
Is 424 a factor of 4671632?
True
Is 1908138 a multiple of 1267?
False
